95 - 285 = -11*z. Let c be ((-16)/(-20))/((-8)/z). Let p(b) = -b**3 - 10*b**2 - 16*b + 5. Give p(c).
5
Let k(g) = 0*g - 40 + 3*g - 19*g + 23*g. What is k(11)?
37
Let a(k) = -94*k + 28. Let h(j) = 168*j - 57. Let l(m) = 9*a(m) + 5*h(m). Calculate l(-4).
-9
Let d(o) = -o**2 + 7*o + 8. Let p = -121 - -312. Let y = p - 185. What is d(y)?
14
Let w(f) = 11*f**2 - 760*f - 19 - 12*f**2 + 753*f. Give w(-6).
-13
Let c be 37 + -15 + 0 + -2. Suppose 4*p = -c, 2*t - t + 5*p + 24 = 0. Let d(y) = 14*y. What is d(t)?
14
Let z(t) be the third derivative of 1/120*t**6 - 2*t**3 - 14 + 0*t**5 + 0*t + 0*t**4 + t**2. Give z(0).
-12
Let q(l) = -1 - 4*l + 0 - 6*l + 5*l. Let x(y) = -27*y - 5. Let a(h) = 11*q(h) - 2*x(h). Give a(-3).
2
Suppose 460*f - 455*f = 4*p - 14, 0 = -4*p - f + 26. Let d(b) = 5*b - 33. Give d(p).
-3
Let s(t) be the third derivative of -1/4*t**4 + 2/3*t**3 + 0 - 1/30*t**5 - 53*t**2 + 0*t. Give s(-6).
-32
Let n be (5 - (3 + 3))*-6*4/8. Let u(r) = 6*r**2 - 23*r + 14. Calculate u(n).
-1
Let n(c) = -4*c + 5. Let p be 0/(((-30)/(-6))/5). Suppose 2*i - 2*r = 4*i + 12, -5*i - r - 26 = p. Give n(i).
25
Let b(o) be the second derivative of -5*o**3/3 - 65*o**2/2 - 144*o. Let u be b(-7). Let z(l) = l - 8. Give z(u).
-3
Let q be 1*(-5 - -116)/3. Let y = q - 35. Let p(d) be the first derivative of -d**3 + 3*d**2/2 - d + 44. Determine p(y).
-7
Let c be (2 - 5)*(-72)/27. Let g(q) be the second derivative of -c*q + 3/2*q**2 + 0 - 1/2*q**3. What is g(3)?
-6
Suppose 400*u + 77*u - 8109 = 0. Let q(f) = 26*f - 446. Determine q(u).
-4
Let n(u) = -u - 12. Let q = 79 + -35. Suppose 0 = 4*h - 28 - q. Suppose 0 = -7*r - 52 - h. Determine n(r).
-2
Let z be (-28)/(-6)*(-6)/(-4). Let y(w) be the second derivative of w**5/20 - w**4/2 - 4*w**3/3 + 4*w**2 - 6279*w. What is y(z)?
1
Let y be 2/(-11) - (-34)/187. Let l(q) = -3*q + 15. Calculate l(y).
15
Let p(h) = 7*h**2 + 11*h + 10. Let t(r) = 6*r**2 + 10*r + 9. Let z(c) = 5*p(c) - 6*t(c). Let s = -127 - -162. Suppose s = 3*l - 10*l. Give z(l).
-4
Let v(u) be the second derivative of -1/3*u**4 + 2 - 2*u + 1/20*u**5 - 5/2*u**2 - 1/2*u**3. Determine v(5).
5
Let m(p) = -9*p - 906. Let o(z) = -z - 155. Let q(k) = m(k) - 5*o(k). Calculate q(-35).
9
Let c(t) = 2*t**3 + 39*t**2 + 20*t + 11. Let b be 6321/(-343) + (1 - 22/14). Calculate c(b).
-8
Let u(g) = g**3 - 30*g**2 - 99*g + 46. Let x be u(33). Let p(v) = -12*v + 550. Determine p(x).
-2
Let s be (1/2)/(1/(-2)). Let r = 1750 + -1365. Let l(b) = -r + 195 + 190 - 3*b. Determine l(s).
3
Let z(b) = -2*b**2 + 20*b - 63. Let h be z(7). Let g(r) = -2*r**2 - 41*r + 17. Determine g(h).
-4
Let l(q) be the second derivative of -q**3/6 + 8*q**2 + 2*q. Let o be ((-12)/14)/(147/(-2058)). Determine l(o).
4
Let h(p) be the third derivative of 1/20*p**5 - 11/24*p**4 + 0*p - 1/6*p**3 + 0 + 15*p**2. Let t be h(4). Let j(z) = -z**3 + 2*z**2 + z + 4. Determine j(t).
-2
Suppose -31 = 43*s + 61*s - 447. Let h(x) = x**3 - 6*x**2 + x - 7. Give h(s).
-35
Let x(m) = -m**3 + m**2 + 19*m + 11. Let c = 4530 + -4525. Determine x(c).
6
Let g(m) = -m**2 - 5*m - 1. Let h(y) = 5*y**2 + 16*y - 14. Let t(u) = -4*g(u) - h(u). Determine t(9).
-27
Suppose -408*g = -413*g + 15. Let u(y) be the first derivative of y**2/2 - y - 760. What is u(g)?
2
Let z(v) = v**3 - 4*v**2 + 6*v - 11. Let x = -6907 + 6910. Calculate z(x).
-2
Suppose -6*y + 2*y + 72 = 0. Let r = y - 27. Let s(i) be the first derivative of i**2 + 7*i + 701. What is s(r)?
-11
Let k(a) be the first derivative of -10*a**2 - 95*a + 4055. Calculate k(-5).
5
Suppose 2*h + 4*v = 7*h - 1, 3*v = 3*h. Suppose 864 = -26*q + 34*q. Let c(g) = -2*g - 45 - 62 + q. Calculate c(h).
-1
Let o be ((-17)/(-3))/1 - (-1)/3. Suppose -35 = -o*l - 11. Let a(p) = -p**2 + 4*p. Calculate a(l).
0
Let h(c) = 5*c + 36. Let f(r) = r + 7. Let k(u) = -22*f(u) + 4*h(u). Let t(b) = b + 6. Let s(n) = 4*k(n) + 7*t(n). What is s(6)?
-4
Let k(f) = f**2 - 10*f + 19. Suppose s = -5*l + 10, 0*s - 6 = -2*s + 4*l. Let j be k(s). Let d(a) = -a**3 - 5*a**2 + 5*a - 2. What is d(j)?
4
Let l(d) = -4*d - 3503 - 3502 - 3501 - 3497 + 14005. Let b be (-11)/(-3) - (-4)/(-6). Calculate l(b).
-10
Let k(r) = 21 - r + r**2 + 22 - 41. Let b(f) = -f**3 - 6*f**2 + 16*f + 66. Let h be b(-7). Give k(h).
8
Suppose 59 - 3 = 4*i. Suppose 15*k - i = 13*k. Let v(p) = -p**3 + 8*p**2 - 6*p - 4. Calculate v(k).
3
Let b(m) = m**2 - 24*m + 107. Let y be b(17). Let w(z) = z**3 + 13*z**2 + 10*z - 17. What is w(y)?
7
Let q(c) be the second derivative of -c**7/2520 + c**6/720 + c**5/24 + c**4/12 + 2*c**3 - 40*c. Let r(l) be the third derivative of q(l). Calculate r(0).
5
Let h(m) = m + 1. Let t = 6 + -7. Let n(a) = -98*a + 191*a - 95*a. Let y(d) = t*h(d) + 3*n(d). Give y(2).
-15
Let y(p) = -p**2 - 8*p. Let h(f) = -8*f**2 - 39*f + 2. Let t be h(-5). Let k(i) = 3*i + 1. Let a be k(t). What is y(a)?
0
Let r be 450/(-200) - (-48)/(-64). Let h(c) = -4 + 2*c**2 - 2*c**2 - c**2 - 2*c. Give h(r).
-7
Suppose 5 = -12*m + 7*m. Let x(n) be the second derivative of -n**5/5 - n**4/12 - n**3/6 + 124*n. What is x(m)?
4
Let c(h) be the second derivative of -h**5/20 - 7*h**4/12 + h**3 + 71*h**2/2 + 133*h. Calculate c(-6).
-1
Let n(m) = 5*m - 9. Let u = -592 + 1302. Let c = 720 - u. Calculate n(c).
41
Let u(r) be the first derivative of r**4/4 - 3*r**3 + 3*r**2/2 - 10*r - 10214. Let w(t) = t**3 + 6*t**2 + 4*t + 4. Let b be w(-5). What is u(b)?
17
Let k be (-140)/30*54/(-21). Suppose -3*l + k = 42. Let w be l/(-15) + 11/(-3). Let i(a) = 3*a + 3. What is i(w)?
-6
Let k be (2 + 0)/2 + 8. Let i(y) be the third derivative of -y**5/60 + y**4/3 + 2*y**3/3 + 431*y**2 + 8. Determine i(k).
-5
Suppose 14*y - 24 = 17*y. Let i(o) = -o**2 - 7*o - 2. Let p be i(y). Let k(u) = u**2 + 9*u + 2. Calculate k(p).
12
Let p(y) = -5*y**3 + y. Suppose 2*x + 14*q = 19*q + 9, 15 = 5*x - 5*q. Let c be 6/(-24)*-4 - x. Calculate p(c).
4
Let f(c) = c**2 - 5*c. Let l(a) be the first derivative of a**4/4 - a**3 - 3*a**2/2 - 11*a - 7. Let x be l(5). Let p = x - 21. Calculate f(p).
-6
Let p(x) be the third derivative of -x**6/120 + x**5/60 + x**4/12 - 4*x**2. Let z be ((-4)/6)/(34/(-714)). Suppose -z*r + 26 = -27*r. Determine p(r).
8
Let f(o) = -56*o + 13. Let w(r) = -12*r + 3. Let y(u) = -f(u) + 4*w(u). Calculate y(1).
7
Let z = 566 + -503. Let c = z - 61. Let g(f) = 6*f**2 + 3*f - 2. Determine g(c).
28
Let h be 2/1 + (-35)/5. Let m(x) = -5*x + 0*x - 6*x + 16*x - 10 - 6*x. Give m(h).
-5
Let f(x) = 5*x**3 - 16*x**2 + 10*x - 1. Let u(h) = 2*h**3 - 7*h**2 + 5*h - 1. Let b(l) = 3*f(l) - 7*u(l). Calculate b(1).
1
Let u be (-2 - 150/14) + (-4)/14. Let v be (-8 - u)*((-14)/10 + 1). Let l be (5 - 11 - -1)/(1 + v). Let p(j) = -j**3 + 6*j**2 - 6*j. What is p(l)?
-5
Let k = -167 + 415. Let g = k - 247. Let a(c) = 2*c**2 + 1. What is a(g)?
3
Let s(r) = -r**3 + 18*r**2 - 17*r + 9. Let z be s(17). Let n(i) = -9*i + 8 - i**2 - 8 - z. Give n(-6).
9
Suppose 4*i = 2*f - 64, -56 - 8 = 4*i - 5*f. Let l(a) = -a**2 - 16*a + 2. Give l(i).
2
Let y be 522/203 + 3/7. Let z(s) = 51 + y*s**2 - 27 - 2*s**2 - 8*s - 26. Suppose 0 = 3*c, 12 = -4*i + 6*i + 5*c. Determine z(i).
-14
Let i(u) be the third derivative of 2*u + 0 + 1/6*u**3 - 1/8*u**4 - 2/15*u**5 - 4*u**2. What is i(2)?
-37
Let z(v) be the first derivative of -v**5/60 + v**4/8 - v**3/3 - 8. Let l(f) be the third derivative of z(f). Suppose 2*g - 7 - 7 = 0. Determine l(g).
-11
Suppose -4*l + 60 = -4*f, f + 5*l - 15 = l. Let d(r) = r**2 + 5*r - 38. Give d(f).
-2
Let s(b) be the third derivative of 11*b**4/12 - 169*b**2. Let x(p) = 15*p. Let d(a) = 4*s(a) - 6*x(a). Let t = 7 + -5. Calculate d(t).
-4
Suppose 2*w = 4*c + 2, -165*c = -161*c - 5*w + 23. Let o(v) be the third derivative of 1/60*v**5 - 30*v**2 - 1/6*v**c + 0 + 1/24*v**4 + 0*v. What is o(1)?
1
Let k(o) = 30*o - 57. Let b(x) = 14*x - 29. Let t(j) = -13*b(j) + 6*k(j). Give t(12).
11
Let w(g) = -186*g - 148. Let x(m) = -52*m - 49. Let s(o) = 2*w(o) - 7*x(o). Calculate s(6).
-1
Let t be 30*((-148)/(-20) - 7). Let g(m) be the third derivative of m**6/120 - 11*m**5/60 - 11*m**4/24 - 8*m**3/3 - 2*m**2. What is g(t)?
-4
Let x(c) = -c**3 + 5*c**2 - 2*c + 6. Suppose -10*s + 12 = -23*s + 16*s. Calculate x(s).
14
Let n(b) = 8*b**2 + 400*b - 5. Let m be n(-50). Let y(f) be the first derivative of -f**3/3 - f**2 +